{"id":3,"date":"2022-06-09T09:22:01","date_gmt":"2022-06-09T09:22:01","guid":{"rendered":"http:\/\/auxlaper.local\/?page_id=3"},"modified":"2023-07-19T09:58:33","modified_gmt":"2023-07-19T09:58:33","slug":"politica-de-privadesa","status":"publish","type":"page","link":"https:\/\/auxlaper.com\/cat\/politica-de-privadesa\/","title":{"rendered":"Pol\u00edtica de privadesa"},"content":{"rendered":"<h1>Nota Legal<\/h1> \u00a0\n\n<p><em>Informaci\u00f3 relativa al compliment de l&#039;article 10 de la LSSICE <\/em><\/p> \u00a0<h2>Dades fiscals<\/h2> \u00a0 \u00a0<ul> \u00a0 \u00a0<li>Titular: Auxlaper S:A <\/li> \u00a0 \u00a0<li>NIF: A-08063372 <\/li> \u00a0 \u00a0<li>Adre\u00e7a: C\/ Basilea, 9. 08210 Barber\u00e0 del Vall\u00e8s.\n<\/li> \u00a0 \u00a0<li>Tel\u00e8fon: 93 718 54 51\n<\/li> \u00a0<\/ul> \u00a0 \u00a0<h2>Protecci\u00f3 de dades personals <\/h2> \u00a0<p>Les dades de car\u00e0cter personal que es recullen a trav\u00e9s de la p\u00e0gina web, s\u00f3n \u00fanicament utilitzades a efectes de prestar els serveis sol\u00b7licitats aix\u00ed com procedir a la facturaci\u00f3 dels mateixos. Les vostres dades seran ubicades en fitxers titularitat d&#039;Auxlaper SA a efectes de facturaci\u00f3 i seran arxivades pel per\u00edode de temps legalment necessari. Vost\u00e8 podr\u00e0 exercir els drets d&#039;acc\u00e9s, rectificaci\u00f3, cancel\u00b7laci\u00f3 i oposici\u00f3 per escrit a Auxlaper a administracio@auxlaper.com. <\/p> \u00a0\n\n<h2>Propietat intel\u00b7lectual i responsabilitat sobre els continguts<\/h2> \u00a0\n\n<p>Queda prohibit qualsevol \u00fas de tots els continguts de la p\u00e0gina web, concretament sobre els textos, disseny i codi font, sense lautoritzaci\u00f3 expressa dels seus titulars. Qualsevol \u00fas no perm\u00e8s ser\u00e0 degudament perseguit pels propietaris leg\u00edtims.<\/p> \u00a0<p>El titular de la p\u00e0gina web no es fa responsable dels continguts a qu\u00e8 s&#039;adrecen els enlla\u00e7os ubicats en aquesta, segons el que estableix l&#039;article 17 de la LSSICE.<\/p>","protected":false},"excerpt":{"rendered":"<p>Nota Legal \u00a0 Informaci\u00f3n relativa al cumplimiento del art\u00edculo 10 de la LSSICE \u00a0 Datos fiscales \u00a0 \u00a0 \u00a0 \u00a0 Titular: Auxlaper S:A \u00a0 \u00a0 NIF: A-08063372 \u00a0 \u00a0 Direcci\u00f3n: C\/ Basilea, 9. 08210 Barber\u00e0 del Vall\u00e8s. \u00a0 \u00a0 Tel\u00e9fono: 93 718 54 51 \u00a0 \u00a0 \u00a0 Protecci\u00f3n de datos personales \u00a0 Los datos de [&hellip;]<\/p>\n","protected":false},"author":4,"featured_media":0,"parent":0,"menu_order":0,"comment_status":"closed","ping_status":"open","template":"","meta":{"footnotes":""},"class_list":["post-3","page","type-page","status-publish","hentry"],"_links":{"self":[{"href":"https:\/\/auxlaper.com\/cat\/wp-json\/wp\/v2\/pages\/3","targetHints":{"allow":["GET"]}}],"collection":[{"href":"https:\/\/auxlaper.com\/cat\/wp-json\/wp\/v2\/pages"}],"about":[{"href":"https:\/\/auxlaper.com\/cat\/wp-json\/wp\/v2\/types\/page"}],"author":[{"embeddable":true,"href":"https:\/\/auxlaper.com\/cat\/wp-json\/wp\/v2\/users\/4"}],"replies":[{"embeddable":true,"href":"https:\/\/auxlaper.com\/cat\/wp-json\/wp\/v2\/comments?post=3"}],"version-history":[{"count":2,"href":"https:\/\/auxlaper.com\/cat\/wp-json\/wp\/v2\/pages\/3\/revisions"}],"predecessor-version":[{"id":4414,"href":"https:\/\/auxlaper.com\/cat\/wp-json\/wp\/v2\/pages\/3\/revisions\/4414"}],"wp:attachment":[{"href":"https:\/\/auxlaper.com\/cat\/wp-json\/wp\/v2\/media?parent=3"}],"curies":[{"name":"wp","href":"https:\/\/api.w.org\/{rel}","templated":true}]}}

Política de privadesa

<h1>Nota Legal</h1>  

<p><em>Informació relativa al compliment de l&#039;article 10 de la LSSICE </em></p>  <h2>Dades fiscals</h2>    <ul>    <li>Titular: Auxlaper S:A </li>    <li>NIF: A-08063372 </li>    <li>Adreça: C/ Basilea, 9. 08210 Barberà del Vallès.
</li>    <li>Telèfon: 93 718 54 51
</li>  </ul>    <h2>Protecció de dades personals </h2>  <p>Les dades de caràcter personal que es recullen a través de la pàgina web, són únicament utilitzades a efectes de prestar els serveis sol·licitats així com procedir a la facturació dels mateixos. Les vostres dades seran ubicades en fitxers titularitat d&#039;Auxlaper SA a efectes de facturació i seran arxivades pel període de temps legalment necessari. Vostè podrà exercir els drets d&#039;accés, rectificació, cancel·lació i oposició per escrit a Auxlaper a administracio@auxlaper.com. </p>  

<h2>Propietat intel·lectual i responsabilitat sobre els continguts</h2>  

<p>Queda prohibit qualsevol ús de tots els continguts de la pàgina web, concretament sobre els textos, disseny i codi font, sense lautorització expressa dels seus titulars. Qualsevol ús no permès serà degudament perseguit pels propietaris legítims.</p>  <p>El titular de la pàgina web no es fa responsable dels continguts a què s&#039;adrecen els enllaços ubicats en aquesta, segons el que estableix l&#039;article 17 de la LSSICE.</p>

<p>Nota Legal   Información relativa al cumplimiento del artículo 10 de la LSSICE   Datos fiscales         Titular: Auxlaper S:A     NIF: A-08063372     Dirección: C/ Basilea, 9. 08210 Barberà del Vallès.     Teléfono: 93 718 54 51       Protección de datos personales   Los datos de [&hellip;]</p>
